q. Let m be (q/(-15) + -2)*3. Suppose -3*x - 3*y + m = -11, -y - 3 = 0. What are the prime factors of x?
2, 5
Suppose 5*k - 5*d = 1210, 0*d - 1220 = -5*k + 3*d. Let a = k - -61. List the prime factors of a.
2, 7, 11
Suppose -4*r = 4*w + 444, 2*w - 2*r = -r - 213. Let a = w - -158. List the prime factors of 309*(a/15 + -3).
103
Let x(g) = -3*g**2 + 119*g + 7. Let j be x(11). Suppose 611 = 23*b - j. List the prime factors of b.
2, 17
Suppose -5*q - 2*a + 485 = 3*a, -3*q = a - 291. Suppose -99*l = -q*l - 668. List the prime factors of l.
2, 167
Suppose 0 = a + 6, 341*n + 5*a = 338*n + 47076. List the prime factors of n.
2, 3, 2617
Let q(a) = 3163*a**2 + 40*a - 273. List the prime factors of q(4).
5, 10099
Let o(i) = -5367*i + 93. Let r be o(-5). List the prime factors of (-3)/7 - r/(-112).
2, 3, 5
Suppose 5*j - 3*c + 5203 = 0, 4*c - 616 = -3*j - 3761. Let o = 2264 + j. What are the prime factors of o?
3, 11, 37
Let v be (27/6 - 6)*(-8)/6. List the prime factors of v + 3669/18 + 1/6.
2, 103
Let p(x) = 3*x**2 + 30. Let b be p(5). List the prime factors of 2/(-15) - (-18914)/b.
2, 3, 5
Suppose -4 = -2*q, 4*b = -0*b + 5*q + 7370. Let j = b - 1295. Suppose -7*o + j = -143. What are the prime factors of o?
3, 11
Let q(m) be the third derivative of m**6/120 + 3*m**5/10 - m**4/8 - 3*m**3/2 - 57*m**2. List the prime factors of q(-10).
821
Let t be (-23)/(-7) - 16/56. Suppose 3*c + 151 = -4*h - 0*c, -h - t*c = 31. Let y = 56 + h. List the prime factors of y.
2
Let o(d) = -d**3 - 22*d**2 + 139*d + 357. What are the prime factors of o(-37)?
15749
Let c(l) = 45*l**3 - 19*l**2 + 4*l + 1. List the prime factors of c(6).
13, 17, 41
Let s(z) = 306*z**2 + 53*z - 400. List the prime factors of s(7).
5, 41, 73
Suppose -4*k + 116 = 4*d, 0 = 2*k + 6*d - 5*d - 53. Suppose 2*c - k + 16 = 0, -5*w + 3*c = -2438. List the prime factors of w.
2, 5, 7
Let p be (-14 + 13)/(3/(-2) + 2). Let v = 2 + p. Suppose -r = -5*d + 341, d - 2*r + 46 - 116 = v. List the prime factors of d.
2, 17
List the prime factors of (-8 + 9)*6870 + -2.
2, 17, 101
Let p = 60247 - 26722. List the prime factors of p.
3, 5, 149
Suppose -2*o - d + 18481 = 0, -7400 = 2*o + 2*d - 25884. What are the prime factors of o?
9239
Let v = -12 - 33. Let r = v + 47. Let z(a) = 24*a - 2. List the prime factors of z(r).
2, 23
Let n(a) = a**3 + 4*a**2 - 13*a - 27. Let q be n(-2). Suppose 0*k + 4*k - 88 = 0. Suppose -5*s = h - q - 72, -2*s = -2*h - k. List the prime factors of s.
3, 5
Suppose -3*y = 23*y - 7*y - 615980. What are the prime factors of y?
2, 5, 1621
Let h = 3084 + -1963. Suppose 6*d - 961 = h. What are the prime factors of d?
347
Let o = -2420 + 1442. Let d = 1369 + o. List the prime factors of d.
17, 23
Let w(c) be the third derivative of -5*c**7/504 + c**6/45 + 7*c**5/20 + 16*c**2. Let z(j) be the third derivative of w(j). List the prime factors of z(-3).
2, 83
Suppose 0 = 2*z + a - 487, 17*a - 12*a + 5 = 0. Let x = 582 - z. What are the prime factors of x?
2, 13
Let a(y) = -12*y**3 - 9*y**2 - 45*y - 72. List the prime factors of a(-9).
2, 3, 29
Let y be ((-14)/(-12))/((85/(-30))/(-17)). Let o = 7 - y. Suppose 2*g - 212 = g - 4*k, 3*k - 9 = o. List the prime factors of g.
2, 5
Let p(r) = -r**3 + 16*r**2 + r - 17. Let f be p(16). Let d be 1/(4 + f + 367/(-122)). Let m = 130 + d. List the prime factors of m.
2
Suppose -5*h + 65 = 8*h. Suppose g = -h*s + 5436, 4336 = 4*s + 6*g - 2*g. List the prime factors of s.
2, 17
Let b be -8 + 8744/(-40)*-5. Suppose i - 4*x = b, -3*i + 8*x + 3289 = 13*x. What are the prime factors of i?
1093
Let f(j) = 25*j - 4. Let h be -4*-3*5/30. Let c be h/(5/80*4). List the prime factors of f(c).
2, 7
Let f = 8 + -6. Let q = 6472 + -6180. Suppose -v = -f*h + v + q, 0 = h - 2*v - 142. What are the prime factors of h?
2, 3, 5
Let n(g) = g + 14. Let l be n(7). Let w = 35 - l. Suppose -260 = 9*k - w*k. What are the prime factors of k?
2, 13
Let o(i) = i**2 + 6*i + 8. Let u be o(7). Suppose 2*g + 2 = 0, 5*g - 25 = 3*t + u. Let w = 86 + t. List the prime factors of w.
43
Let x(f) = f**2 + 157*f - 945. What are the prime factors of x(71)?
3, 5081
Suppose -s + 18134 = -9*j, 2*s = -3*j + 19349 + 16919. List the prime factors of s.
2, 9067
Suppose 3*c + 119 = -2*f, f + 3*c = 6*f + 350. Let s = -10 - f. Suppose 7*g + s = 8*g. List the prime factors of g.
3, 19
Suppose -7*s = -20 - 8. Suppose -s*k + 2*k + n + 30 = 0, -5*n = 20. Suppose -3*u + q = -19, u - 46 = -5*q - k. List the prime factors of u.
2
Suppose 13*i - 28*i + 2010 = 0. Suppose 2*u - q - 1391 = 0, i = -u - 5*q + 846. List the prime factors of u.
17, 41
Let a(m) = -344*m**3 - 4*m**2 - m - 25. List the prime factors of a(-4).
7, 13, 241
Suppose 5*o + 0*k = -2*k + 12, k - 9 = -4*o. Suppose 3*z - 19 = o*d, d = 4*z - 3*d - 24. Suppose -20 = 3*h - z*h, v = -5*h + 76. List the prime factors of v.
3, 17
Let x be (-3)/(-6*(-1)/(-2)). Let o be -6*x/(-3)*2. Suppose 294 - 35 = 4*w - v, -o*w - v = -253. What are the prime factors of w?
2
Let i = 62461 + -44425. What are the prime factors of i?
2, 3, 167
Let w(f) = 3*f + 112. Let v be w(-35). Suppose -3500 = -v*y + 1701. What are the prime factors of y?
743
Suppose 0*j = -5*j + 3*a + 44, -5*j + a = -48. Suppose j*s = 519 + 681. What are the prime factors of s?
2, 3, 5
Let s(g) = -g**2 + g - 1. Let p(y) = -8*y**2 + 24*y - 52. Let w(i) = -p(i) + 4*s(i). List the prime factors of w(-19).
2, 3, 13
Let x(t) = -3*t**3 + 6*t**2 + 4*t**3 - 9*t - 9 + 21. Let i be x(-9). Let d = i - -236. What are the prime factors of d?
2, 43
Suppose 0 = j - 4261 - 407. Let q = -8040 + j. List the prime factors of (-2)/(-3) + q/(-18) + 0.
2, 47
Let l = 48905 + 15143. List the prime factors of l.
2, 4003
Let s be (25/5)/5 + 2. Suppose -y = 2*z + 1240, -4*y - s*z - 3679 = 1256. List the prime factors of (4/(-6))/(10/y).
2, 41
Let h be (-5 + 7)*(-10)/4 - -10. Suppose -h*w + 2*w + 1878 = 4*n, -2*n - 2*w = -940. List the prime factors of n.
2, 3, 13
Suppose -20*z + 428 + 1092 = 0. Suppose 0 = -l + z + 103. What are the prime factors of l?
179
Let k(l) = 6*l**2 + 4*l + 6. Let o = -4 + -71. Let r be (-5)/(o/6) - 66/15. List the prime factors of k(r).
2, 43
What are the prime factors of (14/(-210)*-3 - (-209888)/10)*1?
139, 151
Let u be (-3)/9 + 4/(-12)*-43. Suppose 0 = -3*w + 5*o - u, 8 = -o + 3*o. Suppose -w*y + 80 = -0*y. What are the prime factors of y?
2, 5
Suppose 446*k - 111240 = 426*k. What are the prime factors of k?
2, 3, 103
Let d(v) = -v**3 - 93*v**2 - 725*v + 204. What are the prime factors of d(-91)?
3, 37, 149
Let s = 234 - 212. Suppose -s*o = -32*o + 6430. List the prime factors of o.
643
Suppose 93*g - 73073 = -50*g. What are the prime factors of g?
7, 73
Suppose -5950 - 27061 = -6*a + 11893. What are the prime factors of a?
2, 1871
List the prime factors of (-4842584)/(-64) + -14 - (-10)/16.
2, 18913
Suppose -3*x - 71241 = -3*b + 67611, x = -2. List the prime factors of b.
2, 73, 317
Let s = -24667 + 35168. What are the prime factors of s?
10501
Let g(x) = -594*x - 1527. List the prime factors of g(-17).
3, 2857
Let s(z) = 9*z**3 + 5*z**2 - 17. Let f be s(-4). What are the prime factors of f/(-12) + (-10)/(-8)?
2, 11
Let d = 84 - 84. Suppose -r + 357 = 4*s, d = -r + s + 4*s + 312. What are the prime factors of r?
337
Let o = 5 + -2. Let g be 0 + (795 + o)/2 - -1. Suppose g = 4*q - 4*z, 5*q = -z + 427 + 103. List the prime factors of q.
3, 5, 7
Let k = 12050 - 3882. List the prime factors of k.
2, 1021
Let c = 8362 + -2269. List the prime factors of c.
3, 677
Let m = 18120 + -9781. What are the prime factors of m?
31, 269
Suppose -53*z - 9964 = -57*z + 36620. List the prime factors of z.
2, 3, 647
Suppose -108 - 66 = -2*h. Suppose -5*j + 55 = x, 2*j - 7 - h = -2*x. Let i = x - 11. List the prime factors of i.
2, 17
Suppose 30 = 5*v, 103*v - 7324 = -4*h + 107*v. What are the prime factors of h?
11, 167
Let o(a) = 63*a + 33 + 36*a - 11*a + 123 + 136. List the prime factors of o(7).
2, 227
Let c(p) = -9*p - 5. Let o be c(-1). Suppose -21*m + 26*m - 36 = -2*t, 0 = 5*t - o*m - 24. What are the prime factors of t?
2
Let m be (-4)/(-14) + (-2)/28*-4630. Suppose -229 = -10*a + m. Suppose 6*n = -2*n + a. List the prime factors of n.
7
What are the prime factors of ((-63)/(-15))/7 - (-2 + (-114304)/10)?
3, 37, 103
S